t of 23426?
4
What is the ten thousands digit of 40894?
4
What is the tens digit of 6018?
1
What is the tens digit of 752?
5
What is the units digit of 835?
5
What is the units digit of 30504?
4
What is the thousands digit of 2463?
2
What is the ten thousands digit of 21624?
2
What is the hundreds digit of 6429?
4
What is the hundreds digit of 761?
7
What is the thousands digit of 2620?
2
What is the units digit of 592?
2
What is the thousands digit of 5651?
5
What is the tens digit of 1716?
1
What is the units digit of 3877?
7
What is the hundreds digit of 572?
5
What is the ten thousands digit of 107899?
0
What is the units digit of 7031?
1
What is the units digit of 4013?
3
What is the hundreds digit of 5657?
6
What is the units digit of 56292?
2
What is the thousands digit of 1133?
1
What is the units digit of 1163?
3
What is the units digit of 11371?
1
What is the hundreds digit of 31085?
0
What is the units digit of 7502?
2
What is the thousands digit of 15405?
5
What is the units digit of 9839?
9
What is the ten thousands digit of 98157?
9
What is the units digit of 2144?
4
What is the ten thousands digit of 82433?
8
What is the hundreds digit of 2398?
3
What is the tens digit of 20069?
6
What is the hundreds digit of 998?
9
What is the tens digit of 2504?
0
What is the hundreds digit of 78394?
3
What is the hundreds digit of 224?
2
What is the hundreds digit of 4215?
2
What is the hundreds digit of 280?
2
What is the units digit of 35343?
3
What is the units digit of 14480?
0
What is the tens digit of 4548?
4
What is the tens digit of 37097?
9
What is the units digit of 45268?
8
What is the hundreds digit of 11792?
7
What is the hundreds digit of 3116?
1
What is the tens digit of 818?
1
What is the units digit of 1279?
9
What is the thousands digit of 21376?
1
What is the thousands digit of 75520?
5
What is the hundreds digit of 619?
6
What is the tens digit of 4768?
6
What is the tens digit of 3318?
1
What is the thousands digit of 1137?
1
What is the units digit of 3626?
6
What is the hundreds digit of 3589?
5
What is the hundreds digit of 17426?
4
What is the tens digit of 7447?
4
What is the thousands digit of 4203?
4
What is the units digit of 496?
6
What is the units digit of 6388?
8
What is the thousands digit of 4597?
4
What is the units digit of 62509?
9
What is the hundreds digit of 1081?
0
What is the thousands digit of 8192?
8
What is the tens digit of 1491?
9
What is the thousands digit of 6309?
6
What is the units digit of 2741?
1
What is the tens digit of 168?
6
What is the units digit of 279?
9
What is the tens digit of 30?
3
What is the units digit of 5397?
7
What is the hundreds digit of 15932?
9
What is the tens digit of 638?
3
What is the hundreds digit of 1363?
3
What is the thousands digit of 2951?
2
What is the thousands digit of 54912?
4
What is the units digit of 5566?
6
What is the tens digit of 1732?
3
What is the ten thousands digit of 93349?
9
What is the tens digit of 1173?
7
What is the units digit of 1268?
8
What is the units digit of 1584?
4
What is the units digit of 27732?
2
What is the ten thousands digit of 62523?
6
What is the tens digit of 47850?
5
What is the units digit of 9237?
7
What is the tens digit of 36421?
2
What is the units digit of 40162?
2
What is the units digit of 57583?
3
What is the tens digit of 63174?
7
What is the hundreds digit of 29683?
6
What is the tens digit of 3119?
1
What is the units digit of 4086?
6
What is the units digit of 43759?
9
What is the units digit of 19499?
9
What is the hundreds digit of 2052?
0
What is the hundreds digit of 14280?
2
What is the units digit of 35580?
0
What is the ten thousands digit of 16272?
1
What is the tens digit of 810?
1
What is the hundreds digit of 25949?
9
What is the ten thousands digit of 20458?
2
What is the tens digit of 102?
0
What is the hundreds digit of 29787?
7
What is the units digit of 29437?
7
What is the thousands digit of 5088?
5
What is the hundreds digit of 21361?
3
What is the tens digit of 3220?
2
What is the units digit of 2751?
1
What is the thousands digit of 62634?
2
What is the thousands digit of 99154?
9
What is the hundreds digit of 320?
3
What is the tens digit of 638?
3
What is the units digit of 53172?
2
What is the units digit of 24565?
5
What is the thousands digit of 65483?
5
What is the units digit of 14981?
1
What is the tens digit of 10916?
1
What is the hundreds digit of 6046?
0
What is the tens digit of 5084?
8
What is the units digit of 7865?
5
What is the thousands digit of 92906?
2
What is the units digit of 1741?
1
What is the units digit of 265?
5
What is the thousands digit of 4419?
4
What is the tens digit of 10158?
5
What is the hundreds digit of 372?
3
What is the thousands digit of 1108?
1
What is the tens digit of 53617?
1
What is the units digit of 924?
4
What is the hundreds digit of 14227?
2
What is the tens digit of 2663?
6
What is the tens digit of 2484?
8
What is the units digit of 280?
0
What is the tens digit of 4586?
8
What is the hundreds digit of 256?
2
What is the thousands digit of 1789?
1
What is the tens digit of 1609?
0
What is the hundreds digit of 10640?
6
What is the units digit of 574?
4
What is the hundreds digit of 505?
5
What is the units digit of 13833?
3
What is the thousands digit of 4869?
4
What is the hundreds digit of 9305?
3
What is the hundreds digit of 246?
2
What is the ten thousands digit of 81805?
8
What is the units digit of 1616?
6
What is the hundreds digit of 2788?
7
What is the thousands digit of 3297?
3
What is the hundreds digit of 95980?
9
What is the units digit of 550?
0
What is the units digit of 19057?
7
What is the thousands digit of 9065?
9
What is the hundreds digit of 16098?
0
What is the units digit of 200?
0
What is the units digit of 24797?
7
What is the tens digit of 271?
7
What is the units digit of 155036?
6
What is the hundreds digit of 314?
3
What is the units digit of 128167?
7
What is the ten thousands digit of 12509?
1
What is the thousands digit of 17478?
7
What is the units digit of 9457?
7
What is the hundreds digit of 49837?
8
What is the thousands digit of 4799?
4
What is the ten thousands digit of 154930?
5
What is the units digit of 97?
7
What is the ten thousands digit of 187856?
8
What is the thousands digit of 8219?
8
What is the tens digit of 34505?
0
What is the tens digit of 132337?
3
What is the thousands digit of 63737?
3
What is the tens digit of 751?
5
What is the tens digit of 2625?
2
What is the tens digit of 45?
4
What is the tens digit of 543?
4
What is the units digit of 10980?
0
What is the thousands digit of 14389?
4
What is the tens digit of 2790?
9
What is the hundreds digit of 4237?
2
What is the tens digit of 1197?
9
What is the thousands digit of 13253?
3
What is the thousands digit of 1302?
1
What is the units digit of 4290?
0
What is the tens digit of 13748?
4
What is the tens digit of 1205?
0
What is the hundreds digit of 387?
3
What is the hundreds digit of 278?
2
What is the tens digit of 50794?
9
What is the tens digit of 2280?
8
What is the hundreds digit of 1560?
5
What is the thousands digit of 13216?
3
What is the tens digit of 2466?
6
What is the units digit of 113217?
7
What is the units digit of 8294?
4
What is the units digit of 2063?
3
What is the thousands digit of 21599?
1
What is the hundreds digit of 2272?
2
What is the units digit of 8354?
4
What is the tens digit of 1967?
6
What is the thousands digit of 3731?
3
What is the thousands digit of 3990?
3
What is the hundreds digit of 46011?
0
What is the hundreds digit of 700?
7
What is the tens digit of 1213?
1
What is the hundreds digit of 11980?
9
What is the hundreds digit of 1738?
7
What is the hundreds digit of 430?
4
What is the tens digit of 572?
7
What is the units digit of 43671?
1
What is the hundreds digit of 1668?
6
What is the units digit of 1005?
5
What is the thousands digit of 14380?
4
What is the units digit of 1024?
4
What is the units digit of 3742?
2
What is the units digit of 511?
1
What is the units digit of 1747?
7
What is the units digit of 73?
3
What is the thousands digit of 9298?
9
What is the hundreds digit of 6808?
8
What is the hundreds digit of 14335?
3
What is the units digit of 825?
5
What 